- 58. List the prime factors of t.
2, 3
Suppose 5*p = 5*v - 55, p + 17 = 4*v - 0*v. Let n be 3*(2 + 3/p). Suppose -5*x = -2*j - 147, 5*j + n = -0*j. What are the prime factors of x?
29
Let r(c) = 12*c - 68. What are the prime factors of r(6)?
2
Suppose -l + 2 = -2*l. List the prime factors of (l/6)/((-14)/6678).
3, 53
Suppose 32*b - 8*b - 94104 = 0. What are the prime factors of b?
3, 1307
Let f = 666 + -150. List the prime factors of f.
2, 3, 43
Let l(g) = -30*g + 7. What are the prime factors of l(-12)?
367
Suppose 0 = 2*h - 327 - 1051. What are the prime factors of h?
13, 53
Suppose 50 = 7*c + 673. List the prime factors of 2 + 1 - c*(-15)/(-5).
2, 3, 5
Let f(u) = 8*u - 1. Suppose -3 = -3*s, -5*i - 4*s - 6 = -0*s. Let k(h) = -h. Let m(x) = i*f(x) - 10*k(x). List the prime factors of m(-2).
2, 7
Let h = 411 - -105. Suppose 0 = -0*p - 4*p + h. What are the prime factors of p?
3, 43
Let j(t) = -t**3 + 3*t**2 + 3*t. Suppose -4*p - 16 = 3*w - 41, -21 = -3*w - 3*p. Let c be j(w). Suppose 0 = -x + c + 5. What are the prime factors of x?
2, 7
Let u = -113 - -527. Suppose -z - u = -10*z. List the prime factors of z.
2, 23
Let h(g) be the first derivative of 11*g**2 + 38*g + 39. What are the prime factors of h(5)?
2, 37
Suppose 7*f = 6*f - 14. Let p be f/(-1 + 5 + -3). What are the prime factors of (-49)/(-2) + 7/p?
2, 3
Suppose -1075 = -2*a + 5*h + 2685, -2*a = -h - 3744. List the prime factors of a.
2, 5, 11, 17
Suppose -9 = 4*x + 3*z + 15, 14 = 2*x - 5*z. Let w = x - -30. What are the prime factors of w?
3
Suppose 7*z - u - 785 = 2*z, 5*z = -2*u + 785. Suppose -162*b = -z*b - 200. List the prime factors of b.
2, 5
Let k(u) be the second derivative of -u**4/12 + u**3/2 + 3*u**2/2 + 4*u. Let d be k(4). Let m = d - -7. What are the prime factors of m?
2, 3
Suppose 8*d - 10168 - 11240 = 0. List the prime factors of d.
2, 3, 223
List the prime factors of 3*(1812/9 - (4 - 0)).
2, 37
Let p(n) = -62*n + 314. List the prime factors of p(-46).
2, 1583
Let i(m) = 58*m**3 + 4*m**2 + 2*m - 2. Let l be i(-2). List the prime factors of l/(-4) - 1/(-2).
2, 3, 19
What are the prime factors of 12*(-13)/((-130)/495)?
2, 3, 11
Let y be 6/27 - (-9590)/18. Let c = -305 + y. List the prime factors of c.
2, 3, 19
Let c be (-16)/(-4)*9/4. Suppose -30 = -c*u + 6*u. List the prime factors of u.
2, 5
Suppose -4*c - s = -7448, 8*c + 5593 = 11*c - s. List the prime factors of c.
3, 23
Suppose 5*x = -2*f - 26, -3*x - 30 = 4*f - 6. Let k(a) = 9*a**2 + 16*a. What are the prime factors of k(x)?
2, 5
Let h(p) = -63*p + 218. What are the prime factors of h(-9)?
5, 157
Let a = -14 + 26. Suppose 2*p = -n, a = 4*n - p + 48. What are the prime factors of 1404/48 + 2/n?
29
Suppose -u + 4*v - 140 = v, 0 = 4*u - 4*v + 600. Let g = -91 - u. List the prime factors of g.
2
Let n(v) = 2*v**3 - 6*v**2 + 10*v - 1. Let w be n(5). What are the prime factors of (w + 0 + 1)*(-5)/(-10)?
3, 5
Suppose w - 16 = -69. Let m be 1/(3312/(-474) + 7). Let r = m + w. What are the prime factors of r?
2, 13
Let x = 41 + -36. Suppose -3*c = -0*c + x*f - 147, -82 = -2*c + 2*f. List the prime factors of c.
2, 11
Let d be (1 - -4) + 1 + 0. Let n(v) = 4*v**2 - 2. Let t(j) = -5*j**2 + 1. Let g(s) = 4*n(s) + 3*t(s). What are the prime factors of g(d)?
31
Let z = 9 - 5. Suppose 5*v = z*o - 151, -2*o + 4*v + 152 = 2*o. List the prime factors of o.
3, 13
Let d be (-7)/(14/(-12)) - 4. Suppose 3*h - 2*o + o - 32 = 0, -3*o = -h + 16. Suppose -3*m + d*m + h = 0. What are the prime factors of m?
2, 5
Suppose -s = -0*h - 4*h - 189, 2*h + 402 = 2*s. List the prime factors of s.
5, 41
Let j be (-7)/(-14) - (-3)/2. Suppose -j*v + 6*v = 12. Suppose 0 = -v*b + 56 + 1. What are the prime factors of b?
19
Suppose -11*k + 1737 - 6126 = 0. Let c = k - -733. List the prime factors of c.
2, 167
Suppose -39 = 3*r + 6. Let k(g) = 2*g**3 + g**2 - 6*g + 4. Let w be k(3). Let u = r + w. What are the prime factors of u?
2, 17
Suppose -x - 5*t + 47 = x, 4*x = 4*t + 24. Suppose -x*h = -15*h + 568. List the prime factors of h.
2, 71
Suppose 47*s - 3432 = 39*s. What are the prime factors of s?
3, 11, 13
Let q(f) = 17*f**2 + 5*f + 6. Let y be (-1)/((9/(-6))/(-3)). What are the prime factors of q(y)?
2
Let g be (-27)/18*(-1 - 3). Suppose -112 = -g*u + 2*u. Let a = u + 32. List the prime factors of a.
2, 3, 5
Suppose -2*g + 5 + 7 = 0. Let u = -44 - -54. Let h = g + u. List the prime factors of h.
2
Suppose 0 = -5*i - 39 - 126. Let d = 77 + i. List the prime factors of d.
2, 11
Let j = 60 + -62. Let d(i) = -11*i**3 - 2*i**2 + i + 3. What are the prime factors of d(j)?
3
Suppose -55*s = -66808 - 6782. What are the prime factors of s?
2, 3, 223
Suppose 2*i + 5*l + 20 = 4*i, 4*l + 13 = i. Suppose -b + 51 = 5*o, -i*o + 2*b + 38 = -o. List the prime factors of o.
2, 5
Let w(n) = -n**2 - 105*n - 84. What are the prime factors of w(-69)?
2, 3, 5
Suppose 48 = 5*c - 202. Suppose -21*x = -16*x - 50. Suppose 0 = -5*y - x, -4*z + 3*y = -0*y - c. List the prime factors of z.
11
Suppose 4*t + 4*u - 26 = 6, -15 = -5*u. Let s(l) = 34*l - 32. List the prime factors of s(t).
2, 3, 23
Suppose 7 = -3*w + 19. What are the prime factors of (145/(-30)*w)/(4/(-6))?
29
Let t(k) = -3 - 3*k**2 + 0*k**2 - 7*k + 2*k**2 + 15*k. Let y = -8 + 15. What are the prime factors of t(y)?
2
Suppose 0 = 2*s - 6, 2765 = 4*k + 2*s - 3*s. List the prime factors of k.
2, 173
Let i(y) = 3*y**2 + 3*y + 2. Let k be i(-6). Let v = 147 - k. What are the prime factors of v?
5, 11
Let y be (-1)/((-9)/15)*3. Let d(l) = l**2 + 12*l + 2. Let x be d(-12). Suppose h + f - 31 = -x, -148 = -y*h - 4*f. List the prime factors of h.
2
What are the prime factors of (-1073)/(-2) + (-16)/(-32)?
3, 179
Let s(y) = 68*y. Let t be s(1). Suppose -p + 125 = -t. Suppose 4*g - 31 = -3*u + p, -3*u = 0. What are the prime factors of g?
2, 7
Let y(x) = -26 - 44*x**2 - 52*x**2 + 144*x**2 - 44*x**2. What are the prime factors of y(-6)?
2, 59
Suppose -o + 3*u = -387, -u - 955 = -2*o - 206. Suppose 14*w + o = 18*w. List the prime factors of w.
3, 31
Let c(b) be the first derivative of 3 - 7/2*b**2 + 1/3*b**3 + 11*b. List the prime factors of c(8).
19
Let i = -25 - -23. List the prime factors of -6*i*(-3)/(-9) + 108.
2, 7
Let z(w) = 2*w**2 - 7*w + 2. Suppose -12*p = -15*p + 6. Let o be p/(-3)*(-45)/6. List the prime factors of z(o).
17
List the prime factors of -6 + (-7)/(28/(-16172)).
11, 367
Let d(p) = p. Let v(i) = i. Let z(j) = -d(j) - 4*v(j). Let o be z(-3). Suppose o = -8*k + 3*k, -84 = -3*x + 4*k. What are the prime factors of x?
2, 3
Let q be -1*6/9*-66. Suppose -u = -d + 5*d - 19, u - d = q. What are the prime factors of u?
3, 13
Let g = 13 - 9. Suppose 3*c - 5 = g. Suppose 2*k + c*i = 7*k - 144, -116 = -4*k + 2*i. List the prime factors of k.
2, 3, 5
Suppose -k + 0*k + r + 34 = 0, -k - 4*r + 54 = 0. Let n(l) = -6*l - 78. Let d be n(-14). Suppose k = 2*u + d. What are the prime factors of u?
2
Let k = 630 + -245. What are the prime factors of k?
5, 7, 11
Suppose -2 - 8 = -2*l. Let g(c) = -c**3 + 7*c**2 - 4*c - 8. List the prime factors of g(l).
2, 11
Suppose 0 = 2*b + 1 - 5. Let q(c) = -9*c - b*c - 6 + 1 - c**2 - 6. What are the prime factors of q(-9)?
7
Let r(s) = -s**3 + 2*s**2 + 4*s - 3. Let a be r(3). Suppose a = -3*d + d + 206. List the prime factors of d.
103
Let f = 102 - 148. Let n = f - -91. What are the prime factors of (4 + n/6)*4?
2, 23
Suppose -10 = -5*o, -j = 2*j - o - 1066. List the prime factors of j.
2, 89
Let l be (216/84)/((-3)/(-14)). Let v(n) = -n**3 - 8*n**2 - l - 5*n - 4*n**2 - n**2 - 9*n. List the prime factors of v(-12).
2, 3
Let h(w) = -7 - 21 + 4*w + 2*w - 3. What are the prime factors of h(12)?
41
Let x = -1431 + 2553. List the prime factors of x.
2, 3, 11, 17
Let g = 16 - 10. Suppose 0*w + 708 = g*w. List the prime factors of w.
2, 59
Suppose 2*l - 17 = -49. Let p(u) = -u**3 - 17*u**2 - 15*u + 7. Let z be p(l). Let g(b) = -b + 3. List the prime factors of g(z).
2, 3
Suppose 5*i + 30 = -50. Let a be (i/2)/(-2)*1. Suppose -3*k - 5*u = -38, a*k - k - 37 = -4*u. List the prime factors of k.
11
Let k(c) = 2*c**2 - 2*c - 14. What are the prime factors of k(4)?
2, 5
Let i(n) = n**2 + 8*n + 3. Let q be i(-8). Suppose 0*z = -3*z - q. List the prime factors of (0/z)/3 + 10.
2, 5
Let c be (2/(-3))/(